{"id":4556,"date":"2022-09-22T20:37:21","date_gmt":"2022-09-22T19:37:21","guid":{"rendered":"https:\/\/jobs.alken-maes.com\/?post_type=faq&#038;p=4556"},"modified":"2022-10-04T23:37:38","modified_gmt":"2022-10-04T22:37:38","slug":"puis-je-porter-des-symboles-religieux-sur-le-lieu-de-travail","status":"publish","type":"faq","link":"https:\/\/jobs.alken-maes.com\/fr\/faq\/puis-je-porter-des-symboles-religieux-sur-le-lieu-de-travail\/","title":{"rendered":"Puis-je porter des symboles religieux sur le lieu de travail ?"},"content":{"rendered":"\n<p>Chez Alken-Maes, les gens font la diff\u00e9rence au quotidien et cela n&rsquo;est possible que dans une atmosph\u00e8re d&rsquo;ouverture, de respect et de confiance. Sans oublier le plaisir ! Nous voyons la diversit\u00e9 comme un enrichissement, sous toutes ses formes.<\/p>\n","protected":false},"featured_media":524,"template":"","categories":[37],"yoast_head":"<!-- This site is optimized with the Yoast SEO plugin v22.2 - https:\/\/yoast.com\/wordpress\/plugins\/seo\/ -->\n<title>Puis-je porter des symboles religieux sur le lieu de travail ? - Alken-Maes<\/title>\n<meta name=\"robots\" content=\"index, follow, max-snippet:-1, max-image-preview:large, max-video-preview:-1\" \/>\n<link rel=\"canonical\" href=\"https:\/\/jobs.alken-maes.com\/fr\/faq\/puis-je-porter-des-symboles-religieux-sur-le-lieu-de-travail\/\" \/>\n<meta property=\"og:locale\" content=\"fr_FR\" \/>\n<meta property=\"og:type\" content=\"article\" \/>\n<meta property=\"og:title\" content=\"Puis-je porter des symboles religieux sur le lieu de travail ? - Alken-Maes\" \/>\n<meta property=\"og:description\" content=\"Chez Alken-Maes, les gens font la diff\u00e9rence au quotidien et cela n&rsquo;est possible que dans une atmosph\u00e8re d&rsquo;ouverture, de respect et de confiance. Sans oublier le plaisir ! Nous voyons la diversit\u00e9 comme un enrichissement, sous toutes ses formes.\" \/>\n<meta property=\"og:url\" content=\"https:\/\/jobs.alken-maes.com\/fr\/faq\/puis-je-porter-des-symboles-religieux-sur-le-lieu-de-travail\/\" \/>\n<meta property=\"og:site_name\" content=\"Alken-Maes\" \/>\n<meta property=\"article:modified_time\" content=\"2022-10-04T22:37:38+00:00\" \/>\n<meta property=\"og:image\" content=\"https:\/\/jobs.alken-maes.com\/wp-content\/uploads\/2022\/09\/monica-di-loxley-36RXyUGq_fU-unsplash.jpg\" \/>\n\t<meta property=\"og:image:width\" content=\"2000\" \/>\n\t<meta property=\"og:image:height\" content=\"1333\" \/>\n\t<meta property=\"og:image:type\" content=\"image\/jpeg\" \/>\n<meta name=\"twitter:card\" content=\"summary_large_image\" \/>\n<meta name=\"twitter:label1\" content=\"Dur\u00e9e de lecture estim\u00e9e\" \/>\n\t<meta name=\"twitter:data1\" content=\"1 minute\" \/>\n<script type=\"application\/ld+json\" class=\"yoast-schema-graph\">{\"@context\":\"https:\/\/schema.org\",\"@graph\":[{\"@type\":\"WebPage\",\"@id\":\"https:\/\/jobs.alken-maes.com\/fr\/faq\/puis-je-porter-des-symboles-religieux-sur-le-lieu-de-travail\/\",\"url\":\"https:\/\/jobs.alken-maes.com\/fr\/faq\/puis-je-porter-des-symboles-religieux-sur-le-lieu-de-travail\/\",\"name\":\"Puis-je porter des symboles religieux sur le lieu de travail ? - Alken-Maes\",\"isPartOf\":{\"@id\":\"https:\/\/jobs.alken-maes.com\/fr\/#website\"},\"primaryImageOfPage\":{\"@id\":\"https:\/\/jobs.alken-maes.com\/fr\/faq\/puis-je-porter-des-symboles-religieux-sur-le-lieu-de-travail\/#primaryimage\"},\"image\":{\"@id\":\"https:\/\/jobs.alken-maes.com\/fr\/faq\/puis-je-porter-des-symboles-religieux-sur-le-lieu-de-travail\/#primaryimage\"},\"thumbnailUrl\":\"https:\/\/jobs.alken-maes.com\/wp-content\/uploads\/2022\/09\/monica-di-loxley-36RXyUGq_fU-unsplash.jpg\",\"datePublished\":\"2022-09-22T19:37:21+00:00\",\"dateModified\":\"2022-10-04T22:37:38+00:00\",\"breadcrumb\":{\"@id\":\"https:\/\/jobs.alken-maes.com\/fr\/faq\/puis-je-porter-des-symboles-religieux-sur-le-lieu-de-travail\/#breadcrumb\"},\"inLanguage\":\"fr-FR\",\"potentialAction\":[{\"@type\":\"ReadAction\",\"target\":[\"https:\/\/jobs.alken-maes.com\/fr\/faq\/puis-je-porter-des-symboles-religieux-sur-le-lieu-de-travail\/\"]}]},{\"@type\":\"ImageObject\",\"inLanguage\":\"fr-FR\",\"@id\":\"https:\/\/jobs.alken-maes.com\/fr\/faq\/puis-je-porter-des-symboles-religieux-sur-le-lieu-de-travail\/#primaryimage\",\"url\":\"https:\/\/jobs.alken-maes.com\/wp-content\/uploads\/2022\/09\/monica-di-loxley-36RXyUGq_fU-unsplash.jpg\",\"contentUrl\":\"https:\/\/jobs.alken-maes.com\/wp-content\/uploads\/2022\/09\/monica-di-loxley-36RXyUGq_fU-unsplash.jpg\",\"width\":2000,\"height\":1333},{\"@type\":\"BreadcrumbList\",\"@id\":\"https:\/\/jobs.alken-maes.com\/fr\/faq\/puis-je-porter-des-symboles-religieux-sur-le-lieu-de-travail\/#breadcrumb\",\"itemListElement\":[{\"@type\":\"ListItem\",\"position\":1,\"name\":\"Home\",\"item\":\"https:\/\/jobs.alken-maes.com\/fr\/\"},{\"@type\":\"ListItem\",\"position\":2,\"name\":\"Puis-je porter des symboles religieux sur le lieu de travail ?\"}]},{\"@type\":\"WebSite\",\"@id\":\"https:\/\/jobs.alken-maes.com\/fr\/#website\",\"url\":\"https:\/\/jobs.alken-maes.com\/fr\/\",\"name\":\"Alken-Maes\",\"description\":\"\",\"potentialAction\":[{\"@type\":\"SearchAction\",\"target\":{\"@type\":\"EntryPoint\",\"urlTemplate\":\"https:\/\/jobs.alken-maes.com\/fr\/?s={search_term_string}\"},\"query-input\":\"required name=search_term_string\"}],\"inLanguage\":\"fr-FR\"}]}<\/script>\n<!-- \/ Yoast SEO plugin. -->","yoast_head_json":{"title":"Puis-je porter des symboles religieux sur le lieu de travail ? - Alken-Maes","robots":{"index":"index","follow":"follow","max-snippet":"max-snippet:-1","max-image-preview":"max-image-preview:large","max-video-preview":"max-video-preview:-1"},"canonical":"https:\/\/jobs.alken-maes.com\/fr\/faq\/puis-je-porter-des-symboles-religieux-sur-le-lieu-de-travail\/","og_locale":"fr_FR","og_type":"article","og_title":"Puis-je porter des symboles religieux sur le lieu de travail ? - Alken-Maes","og_description":"Chez Alken-Maes, les gens font la diff\u00e9rence au quotidien et cela n&rsquo;est possible que dans une atmosph\u00e8re d&rsquo;ouverture, de respect et de confiance. Sans oublier le plaisir ! Nous voyons la diversit\u00e9 comme un enrichissement, sous toutes ses formes.","og_url":"https:\/\/jobs.alken-maes.com\/fr\/faq\/puis-je-porter-des-symboles-religieux-sur-le-lieu-de-travail\/","og_site_name":"Alken-Maes","article_modified_time":"2022-10-04T22:37:38+00:00","og_image":[{"width":2000,"height":1333,"url":"https:\/\/jobs.alken-maes.com\/wp-content\/uploads\/2022\/09\/monica-di-loxley-36RXyUGq_fU-unsplash.jpg","type":"image\/jpeg"}],"twitter_card":"summary_large_image","twitter_misc":{"Dur\u00e9e de lecture estim\u00e9e":"1 minute"},"schema":{"@context":"https:\/\/schema.org","@graph":[{"@type":"WebPage","@id":"https:\/\/jobs.alken-maes.com\/fr\/faq\/puis-je-porter-des-symboles-religieux-sur-le-lieu-de-travail\/","url":"https:\/\/jobs.alken-maes.com\/fr\/faq\/puis-je-porter-des-symboles-religieux-sur-le-lieu-de-travail\/","name":"Puis-je porter des symboles religieux sur le lieu de travail ? - Alken-Maes","isPartOf":{"@id":"https:\/\/jobs.alken-maes.com\/fr\/#website"},"primaryImageOfPage":{"@id":"https:\/\/jobs.alken-maes.com\/fr\/faq\/puis-je-porter-des-symboles-religieux-sur-le-lieu-de-travail\/#primaryimage"},"image":{"@id":"https:\/\/jobs.alken-maes.com\/fr\/faq\/puis-je-porter-des-symboles-religieux-sur-le-lieu-de-travail\/#primaryimage"},"thumbnailUrl":"https:\/\/jobs.alken-maes.com\/wp-content\/uploads\/2022\/09\/monica-di-loxley-36RXyUGq_fU-unsplash.jpg","datePublished":"2022-09-22T19:37:21+00:00","dateModified":"2022-10-04T22:37:38+00:00","breadcrumb":{"@id":"https:\/\/jobs.alken-maes.com\/fr\/faq\/puis-je-porter-des-symboles-religieux-sur-le-lieu-de-travail\/#breadcrumb"},"inLanguage":"fr-FR","potentialAction":[{"@type":"ReadAction","target":["https:\/\/jobs.alken-maes.com\/fr\/faq\/puis-je-porter-des-symboles-religieux-sur-le-lieu-de-travail\/"]}]},{"@type":"ImageObject","inLanguage":"fr-FR","@id":"https:\/\/jobs.alken-maes.com\/fr\/faq\/puis-je-porter-des-symboles-religieux-sur-le-lieu-de-travail\/#primaryimage","url":"https:\/\/jobs.alken-maes.com\/wp-content\/uploads\/2022\/09\/monica-di-loxley-36RXyUGq_fU-unsplash.jpg","contentUrl":"https:\/\/jobs.alken-maes.com\/wp-content\/uploads\/2022\/09\/monica-di-loxley-36RXyUGq_fU-unsplash.jpg","width":2000,"height":1333},{"@type":"BreadcrumbList","@id":"https:\/\/jobs.alken-maes.com\/fr\/faq\/puis-je-porter-des-symboles-religieux-sur-le-lieu-de-travail\/#breadcrumb","itemListElement":[{"@type":"ListItem","position":1,"name":"Home","item":"https:\/\/jobs.alken-maes.com\/fr\/"},{"@type":"ListItem","position":2,"name":"Puis-je porter des symboles religieux sur le lieu de travail ?"}]},{"@type":"WebSite","@id":"https:\/\/jobs.alken-maes.com\/fr\/#website","url":"https:\/\/jobs.alken-maes.com\/fr\/","name":"Alken-Maes","description":"","potentialAction":[{"@type":"SearchAction","target":{"@type":"EntryPoint","urlTemplate":"https:\/\/jobs.alken-maes.com\/fr\/?s={search_term_string}"},"query-input":"required name=search_term_string"}],"inLanguage":"fr-FR"}]}},"_links":{"self":[{"href":"https:\/\/jobs.alken-maes.com\/fr\/wp-json\/wp\/v2\/faq\/4556"}],"collection":[{"href":"https:\/\/jobs.alken-maes.com\/fr\/wp-json\/wp\/v2\/faq"}],"about":[{"href":"https:\/\/jobs.alken-maes.com\/fr\/wp-json\/wp\/v2\/types\/faq"}],"wp:featuredmedia":[{"embeddable":true,"href":"https:\/\/jobs.alken-maes.com\/fr\/wp-json\/wp\/v2\/media\/524"}],"wp:attachment":[{"href":"https:\/\/jobs.alken-maes.com\/fr\/wp-json\/wp\/v2\/media?parent=4556"}],"wp:term":[{"taxonomy":"category","embeddable":true,"href":"https:\/\/jobs.alken-maes.com\/fr\/wp-json\/wp\/v2\/categories?post=4556"}],"curies":[{"name":"wp","href":"https:\/\/api.w.org\/{rel}","templated":true}]}}

<p>Chez Alken-Maes, les gens font la différence au quotidien et cela n&rsquo;est possible que dans une atmosphère d&rsquo;ouverture, de respect et de confiance. Sans oublier le plaisir ! Nous voyons la diversité comme un enrichissement, sous toutes ses formes.</p>

<!-- This site is optimized with the Yoast SEO plugin v22.2 - https://yoast.com/wordpress/plugins/seo/ -->
<title>Puis-je porter des symboles religieux sur le lieu de travail ? - Alken-Maes</title>
<meta name="robots" content="index, follow, max-snippet:-1, max-image-preview:large, max-video-preview:-1" />
<link rel="canonical" href="https://jobs.alken-maes.com/fr/faq/puis-je-porter-des-symboles-religieux-sur-le-lieu-de-travail/" />
<meta property="og:locale" content="fr_FR" />
<meta property="og:type" content="article" />
<meta property="og:title" content="Puis-je porter des symboles religieux sur le lieu de travail ? - Alken-Maes" />
<meta property="og:description" content="Chez Alken-Maes, les gens font la différence au quotidien et cela n&rsquo;est possible que dans une atmosphère d&rsquo;ouverture, de respect et de confiance. Sans oublier le plaisir ! Nous voyons la diversité comme un enrichissement, sous toutes ses formes." />
<meta property="og:url" content="https://jobs.alken-maes.com/fr/faq/puis-je-porter-des-symboles-religieux-sur-le-lieu-de-travail/" />
<meta property="og:site_name" content="Alken-Maes" />
<meta property="article:modified_time" content="2022-10-04T22:37:38+00:00" />
<meta property="og:image" content="https://jobs.alken-maes.com/wp-content/uploads/2022/09/monica-di-loxley-36RXyUGq_fU-unsplash.jpg" />
	<meta property="og:image:width" content="2000" />
	<meta property="og:image:height" content="1333" />
	<meta property="og:image:type" content="image/jpeg" />
<meta name="twitter:card" content="summary_large_image" />
<meta name="twitter:label1" content="Durée de lecture estimée" />
	<meta name="twitter:data1" content="1 minute" />
<script type="application/ld+json" class="yoast-schema-graph">{"@context":"https://schema.org","@graph":[{"@type":"WebPage","@id":"https://jobs.alken-maes.com/fr/faq/puis-je-porter-des-symboles-religieux-sur-le-lieu-de-travail/","url":"https://jobs.alken-maes.com/fr/faq/puis-je-porter-des-symboles-religieux-sur-le-lieu-de-travail/","name":"Puis-je porter des symboles religieux sur le lieu de travail ? - Alken-Maes","isPartOf":{"@id":"https://jobs.alken-maes.com/fr/#website"},"primaryImageOfPage":{"@id":"https://jobs.alken-maes.com/fr/faq/puis-je-porter-des-symboles-religieux-sur-le-lieu-de-travail/#primaryimage"},"image":{"@id":"https://jobs.alken-maes.com/fr/faq/puis-je-porter-des-symboles-religieux-sur-le-lieu-de-travail/#primaryimage"},"thumbnailUrl":"https://jobs.alken-maes.com/wp-content/uploads/2022/09/monica-di-loxley-36RXyUGq_fU-unsplash.jpg","datePublished":"2022-09-22T19:37:21+00:00","dateModified":"2022-10-04T22:37:38+00:00","breadcrumb":{"@id":"https://jobs.alken-maes.com/fr/faq/puis-je-porter-des-symboles-religieux-sur-le-lieu-de-travail/#breadcrumb"},"inLanguage":"fr-FR","potentialAction":[{"@type":"ReadAction","target":["https://jobs.alken-maes.com/fr/faq/puis-je-porter-des-symboles-religieux-sur-le-lieu-de-travail/"]}]},{"@type":"ImageObject","inLanguage":"fr-FR","@id":"https://jobs.alken-maes.com/fr/faq/puis-je-porter-des-symboles-religieux-sur-le-lieu-de-travail/#primaryimage","url":"https://jobs.alken-maes.com/wp-content/uploads/2022/09/monica-di-loxley-36RXyUGq_fU-unsplash.jpg","contentUrl":"https://jobs.alken-maes.com/wp-content/uploads/2022/09/monica-di-loxley-36RXyUGq_fU-unsplash.jpg","width":2000,"height":1333},{"@type":"BreadcrumbList","@id":"https://jobs.alken-maes.com/fr/faq/puis-je-porter-des-symboles-religieux-sur-le-lieu-de-travail/#breadcrumb","itemListElement":[{"@type":"ListItem","position":1,"name":"Home","item":"https://jobs.alken-maes.com/fr/"},{"@type":"ListItem","position":2,"name":"Puis-je porter des symboles religieux sur le lieu de travail ?"}]},{"@type":"WebSite","@id":"https://jobs.alken-maes.com/fr/#website","url":"https://jobs.alken-maes.com/fr/","name":"Alken-Maes","description":"","potentialAction":[{"@type":"SearchAction","target":{"@type":"EntryPoint","urlTemplate":"https://jobs.alken-maes.com/fr/?s={search_term_string}"},"query-input":"required name=search_term_string"}],"inLanguage":"fr-FR"}]}</script>
<!-- / Yoast SEO plugin. -->

Chez Alken-Maes, les gens font la différence au quotidien et cela n&rsquo;est possible que dans une atmosphère d&rsquo;ouverture, de respect et de confiance. Sans oublier le plaisir ! Nous voyons la diversité comme un enrichissement, sous toutes ses formes.
